{"id":173292,"date":"2023-04-27T09:24:56","date_gmt":"2023-04-27T09:24:56","guid":{"rendered":"https:\/\/www.oeh.ac.at\/oh-map\/universitaet-fuer-angewandte-kunst-wien\/hochschulvertretung-universitaet-fuer-angewandte-kunst-wien\/"},"modified":"2023-04-27T09:24:56","modified_gmt":"2023-04-27T09:24:56","slug":"hochschulvertretung-universitaet-fuer-angewandte-kunst-wien","status":"publish","type":"oh-map","link":"https:\/\/www.oeh.ac.at\/en\/oh-map\/universitaet-fuer-angewandte-kunst-wien\/hochschulvertretung-universitaet-fuer-angewandte-kunst-wien\/","title":{"rendered":"Hochschulvertretung Universit\u00e4t f\u00fcr angewandte Kunst Wien"},"content":{"rendered":"","protected":false},"parent":173291,"menu_order":0,"template":"","city":[464],"art":[498],"street":[606],"supplement":[],"plz":[483],"standort":[],"mail":[612],"web":[613],"phone1":[614],"phone2":[],"fax":[],"person":[],"gender":[],"sidebar_tab":[],"latitude":[610],"longitude":[611],"bundesland":[3567],"class_list":["post-173292","oh-map","type-oh-map","status-publish","hentry","city-wien","art-hochschulvertretung-universitaet","street-oskar-kokoschka-platz-2","plz-483","mail-officehufak-net","web-https-hufak-net","phone1-43-1-71133-2270","latitude-610","longitude-611","bundesland-wien-en"],"yoast_head":"<!-- This site is optimized with the Yoast SEO plugin v25.9 - https:\/\/yoast.com\/wordpress\/plugins\/seo\/ -->\n<title>Hochschulvertretung Universit\u00e4t f\u00fcr angewandte Kunst Wien - \u00d6sterreichische Hochsch\u00fcler_innenschaft (\u00d6H)<\/title>\n<meta name=\"robots\" content=\"index, follow, max-snippet:-1, max-image-preview:large, max-video-preview:-1\" \/>\n<link rel=\"canonical\" href=\"https:\/\/www.oeh.ac.at\/en\/oh-map\/universitaet-fuer-angewandte-kunst-wien\/hochschulvertretung-universitaet-fuer-angewandte-kunst-wien\/\" \/>\n<meta property=\"og:locale\" content=\"en_US\" \/>\n<meta property=\"og:type\" content=\"article\" \/>\n<meta property=\"og:title\" content=\"Hochschulvertretung Universit\u00e4t f\u00fcr angewandte Kunst Wien - \u00d6sterreichische Hochsch\u00fcler_innenschaft (\u00d6H)\" \/>\n<meta property=\"og:url\" content=\"https:\/\/www.oeh.ac.at\/en\/oh-map\/universitaet-fuer-angewandte-kunst-wien\/hochschulvertretung-universitaet-fuer-angewandte-kunst-wien\/\" \/>\n<meta property=\"og:site_name\" content=\"\u00d6sterreichische Hochsch\u00fcler_innenschaft (\u00d6H)\" \/>\n<meta property=\"article:publisher\" content=\"https:\/\/facebook.com\/bundesoeh\" \/>\n<script type=\"application\/ld+json\" class=\"yoast-schema-graph\">{\"@context\":\"https:\/\/schema.org\",\"@graph\":[{\"@type\":\"WebPage\",\"@id\":\"https:\/\/www.oeh.ac.at\/en\/oh-map\/universitaet-fuer-angewandte-kunst-wien\/hochschulvertretung-universitaet-fuer-angewandte-kunst-wien\/\",\"url\":\"https:\/\/www.oeh.ac.at\/en\/oh-map\/universitaet-fuer-angewandte-kunst-wien\/hochschulvertretung-universitaet-fuer-angewandte-kunst-wien\/\",\"name\":\"Hochschulvertretung Universit\u00e4t f\u00fcr angewandte Kunst Wien - \u00d6sterreichische Hochsch\u00fcler_innenschaft (\u00d6H)\",\"isPartOf\":{\"@id\":\"https:\/\/www.oeh.ac.at\/en\/#website\"},\"datePublished\":\"2023-04-27T09:24:56+00:00\",\"breadcrumb\":{\"@id\":\"https:\/\/www.oeh.ac.at\/en\/oh-map\/universitaet-fuer-angewandte-kunst-wien\/hochschulvertretung-universitaet-fuer-angewandte-kunst-wien\/#breadcrumb\"},\"inLanguage\":\"en-US\",\"potentialAction\":[{\"@type\":\"ReadAction\",\"target\":[\"https:\/\/www.oeh.ac.at\/en\/oh-map\/universitaet-fuer-angewandte-kunst-wien\/hochschulvertretung-universitaet-fuer-angewandte-kunst-wien\/\"]}]},{\"@type\":\"BreadcrumbList\",\"@id\":\"https:\/\/www.oeh.ac.at\/en\/oh-map\/universitaet-fuer-angewandte-kunst-wien\/hochschulvertretung-universitaet-fuer-angewandte-kunst-wien\/#breadcrumb\",\"itemListElement\":[{\"@type\":\"ListItem\",\"position\":1,\"name\":\"Startseite\",\"item\":\"https:\/\/www.oeh.ac.at\/en\/\"},{\"@type\":\"ListItem\",\"position\":2,\"name\":\"Universit\u00e4t f\u00fcr angewandte Kunst Wien\",\"item\":\"https:\/\/www.oeh.ac.at\/en\/oh-map\/universitaet-fuer-angewandte-kunst-wien\/\"},{\"@type\":\"ListItem\",\"position\":3,\"name\":\"Hochschulvertretung Universit\u00e4t f\u00fcr angewandte Kunst Wien\"}]},{\"@type\":\"WebSite\",\"@id\":\"https:\/\/www.oeh.ac.at\/en\/#website\",\"url\":\"https:\/\/www.oeh.ac.at\/en\/\",\"name\":\"\u00d6sterreichische Hochsch\u00fcler_innenschaft\",\"description\":\"\",\"publisher\":{\"@id\":\"https:\/\/www.oeh.ac.at\/en\/#organization\"},\"alternateName\":\"\u00d6H\",\"potentialAction\":[{\"@type\":\"SearchAction\",\"target\":{\"@type\":\"EntryPoint\",\"urlTemplate\":\"https:\/\/www.oeh.ac.at\/en\/?s={search_term_string}\"},\"query-input\":{\"@type\":\"PropertyValueSpecification\",\"valueRequired\":true,\"valueName\":\"search_term_string\"}}],\"inLanguage\":\"en-US\"},{\"@type\":\"Organization\",\"@id\":\"https:\/\/www.oeh.ac.at\/en\/#organization\",\"name\":\"\u00d6sterreichische Hochsch\u00fcler_innenschaft\",\"alternateName\":\"\u00d6H\",\"url\":\"https:\/\/www.oeh.ac.at\/en\/\",\"logo\":{\"@type\":\"ImageObject\",\"inLanguage\":\"en-US\",\"@id\":\"https:\/\/www.oeh.ac.at\/en\/#\/schema\/logo\/image\/\",\"url\":\"https:\/\/www.oeh.ac.at\/wp-content\/uploads\/2023\/03\/OeH_Logo_white_RGB.png\",\"contentUrl\":\"https:\/\/www.oeh.ac.at\/wp-content\/uploads\/2023\/03\/OeH_Logo_white_RGB.png\",\"width\":1600,\"height\":1330,\"caption\":\"\u00d6sterreichische Hochsch\u00fcler_innenschaft\"},\"image\":{\"@id\":\"https:\/\/www.oeh.ac.at\/en\/#\/schema\/logo\/image\/\"},\"sameAs\":[\"https:\/\/facebook.com\/bundesoeh\",\"https:\/\/instagram.com\/bundesoeh\",\"https:\/\/youtube.com\/bundesoeh\",\"https:\/\/bsky.app\/profile\/bundesoeh.bsky.social\"]}]}<\/script>\n<!-- \/ Yoast SEO plugin. -->","yoast_head_json":{"title":"Hochschulvertretung Universit\u00e4t f\u00fcr angewandte Kunst Wien - \u00d6sterreichische Hochsch\u00fcler_innenschaft (\u00d6H)","robots":{"index":"index","follow":"follow","max-snippet":"max-snippet:-1","max-image-preview":"max-image-preview:large","max-video-preview":"max-video-preview:-1"},"canonical":"https:\/\/www.oeh.ac.at\/en\/oh-map\/universitaet-fuer-angewandte-kunst-wien\/hochschulvertretung-universitaet-fuer-angewandte-kunst-wien\/","og_locale":"en_US","og_type":"article","og_title":"Hochschulvertretung Universit\u00e4t f\u00fcr angewandte Kunst Wien - \u00d6sterreichische Hochsch\u00fcler_innenschaft (\u00d6H)","og_url":"https:\/\/www.oeh.ac.at\/en\/oh-map\/universitaet-fuer-angewandte-kunst-wien\/hochschulvertretung-universitaet-fuer-angewandte-kunst-wien\/","og_site_name":"\u00d6sterreichische Hochsch\u00fcler_innenschaft (\u00d6H)","article_publisher":"https:\/\/facebook.com\/bundesoeh","schema":{"@context":"https:\/\/schema.org","@graph":[{"@type":"WebPage","@id":"https:\/\/www.oeh.ac.at\/en\/oh-map\/universitaet-fuer-angewandte-kunst-wien\/hochschulvertretung-universitaet-fuer-angewandte-kunst-wien\/","url":"https:\/\/www.oeh.ac.at\/en\/oh-map\/universitaet-fuer-angewandte-kunst-wien\/hochschulvertretung-universitaet-fuer-angewandte-kunst-wien\/","name":"Hochschulvertretung Universit\u00e4t f\u00fcr angewandte Kunst Wien - \u00d6sterreichische Hochsch\u00fcler_innenschaft (\u00d6H)","isPartOf":{"@id":"https:\/\/www.oeh.ac.at\/en\/#website"},"datePublished":"2023-04-27T09:24:56+00:00","breadcrumb":{"@id":"https:\/\/www.oeh.ac.at\/en\/oh-map\/universitaet-fuer-angewandte-kunst-wien\/hochschulvertretung-universitaet-fuer-angewandte-kunst-wien\/#breadcrumb"},"inLanguage":"en-US","potentialAction":[{"@type":"ReadAction","target":["https:\/\/www.oeh.ac.at\/en\/oh-map\/universitaet-fuer-angewandte-kunst-wien\/hochschulvertretung-universitaet-fuer-angewandte-kunst-wien\/"]}]},{"@type":"BreadcrumbList","@id":"https:\/\/www.oeh.ac.at\/en\/oh-map\/universitaet-fuer-angewandte-kunst-wien\/hochschulvertretung-universitaet-fuer-angewandte-kunst-wien\/#breadcrumb","itemListElement":[{"@type":"ListItem","position":1,"name":"Startseite","item":"https:\/\/www.oeh.ac.at\/en\/"},{"@type":"ListItem","position":2,"name":"Universit\u00e4t f\u00fcr angewandte Kunst Wien","item":"https:\/\/www.oeh.ac.at\/en\/oh-map\/universitaet-fuer-angewandte-kunst-wien\/"},{"@type":"ListItem","position":3,"name":"Hochschulvertretung Universit\u00e4t f\u00fcr angewandte Kunst Wien"}]},{"@type":"WebSite","@id":"https:\/\/www.oeh.ac.at\/en\/#website","url":"https:\/\/www.oeh.ac.at\/en\/","name":"\u00d6sterreichische Hochsch\u00fcler_innenschaft","description":"","publisher":{"@id":"https:\/\/www.oeh.ac.at\/en\/#organization"},"alternateName":"\u00d6H","potentialAction":[{"@type":"SearchAction","target":{"@type":"EntryPoint","urlTemplate":"https:\/\/www.oeh.ac.at\/en\/?s={search_term_string}"},"query-input":{"@type":"PropertyValueSpecification","valueRequired":true,"valueName":"search_term_string"}}],"inLanguage":"en-US"},{"@type":"Organization","@id":"https:\/\/www.oeh.ac.at\/en\/#organization","name":"\u00d6sterreichische Hochsch\u00fcler_innenschaft","alternateName":"\u00d6H","url":"https:\/\/www.oeh.ac.at\/en\/","logo":{"@type":"ImageObject","inLanguage":"en-US","@id":"https:\/\/www.oeh.ac.at\/en\/#\/schema\/logo\/image\/","url":"https:\/\/www.oeh.ac.at\/wp-content\/uploads\/2023\/03\/OeH_Logo_white_RGB.png","contentUrl":"https:\/\/www.oeh.ac.at\/wp-content\/uploads\/2023\/03\/OeH_Logo_white_RGB.png","width":1600,"height":1330,"caption":"\u00d6sterreichische Hochsch\u00fcler_innenschaft"},"image":{"@id":"https:\/\/www.oeh.ac.at\/en\/#\/schema\/logo\/image\/"},"sameAs":["https:\/\/facebook.com\/bundesoeh","https:\/\/instagram.com\/bundesoeh","https:\/\/youtube.com\/bundesoeh","https:\/\/bsky.app\/profile\/bundesoeh.bsky.social"]}]}},"_links":{"self":[{"href":"https:\/\/www.oeh.ac.at\/en\/wp-json\/wp\/v2\/oh-map\/173292","targetHints":{"allow":["GET"]}}],"collection":[{"href":"https:\/\/www.oeh.ac.at\/en\/wp-json\/wp\/v2\/oh-map"}],"about":[{"href":"https:\/\/www.oeh.ac.at\/en\/wp-json\/wp\/v2\/types\/oh-map"}],"version-history":[{"count":0,"href":"https:\/\/www.oeh.ac.at\/en\/wp-json\/wp\/v2\/oh-map\/173292\/revisions"}],"up":[{"embeddable":true,"href":"https:\/\/www.oeh.ac.at\/en\/wp-json\/wp\/v2\/oh-map\/173291"}],"wp:attachment":[{"href":"https:\/\/www.oeh.ac.at\/en\/wp-json\/wp\/v2\/media?parent=173292"}],"wp:term":[{"taxonomy":"city","embeddable":true,"href":"https:\/\/www.oeh.ac.at\/en\/wp-json\/wp\/v2\/city?post=173292"},{"taxonomy":"art","embeddable":true,"href":"https:\/\/www.oeh.ac.at\/en\/wp-json\/wp\/v2\/art?post=173292"},{"taxonomy":"street","embeddable":true,"href":"https:\/\/www.oeh.ac.at\/en\/wp-json\/wp\/v2\/street?post=173292"},{"taxonomy":"supplement","embeddable":true,"href":"https:\/\/www.oeh.ac.at\/en\/wp-json\/wp\/v2\/supplement?post=173292"},{"taxonomy":"plz","embeddable":true,"href":"https:\/\/www.oeh.ac.at\/en\/wp-json\/wp\/v2\/plz?post=173292"},{"taxonomy":"standort","embeddable":true,"href":"https:\/\/www.oeh.ac.at\/en\/wp-json\/wp\/v2\/standort?post=173292"},{"taxonomy":"mail","embeddable":true,"href":"https:\/\/www.oeh.ac.at\/en\/wp-json\/wp\/v2\/mail?post=173292"},{"taxonomy":"web","embeddable":true,"href":"https:\/\/www.oeh.ac.at\/en\/wp-json\/wp\/v2\/web?post=173292"},{"taxonomy":"phone1","embeddable":true,"href":"https:\/\/www.oeh.ac.at\/en\/wp-json\/wp\/v2\/phone1?post=173292"},{"taxonomy":"phone2","embeddable":true,"href":"https:\/\/www.oeh.ac.at\/en\/wp-json\/wp\/v2\/phone2?post=173292"},{"taxonomy":"fax","embeddable":true,"href":"https:\/\/www.oeh.ac.at\/en\/wp-json\/wp\/v2\/fax?post=173292"},{"taxonomy":"person","embeddable":true,"href":"https:\/\/www.oeh.ac.at\/en\/wp-json\/wp\/v2\/person?post=173292"},{"taxonomy":"gender","embeddable":true,"href":"https:\/\/www.oeh.ac.at\/en\/wp-json\/wp\/v2\/gender?post=173292"},{"taxonomy":"sidebar_tab","embeddable":true,"href":"https:\/\/www.oeh.ac.at\/en\/wp-json\/wp\/v2\/sidebar_tab?post=173292"},{"taxonomy":"latitude","embeddable":true,"href":"https:\/\/www.oeh.ac.at\/en\/wp-json\/wp\/v2\/latitude?post=173292"},{"taxonomy":"longitude","embeddable":true,"href":"https:\/\/www.oeh.ac.at\/en\/wp-json\/wp\/v2\/longitude?post=173292"},{"taxonomy":"bundesland","embeddable":true,"href":"https:\/\/www.oeh.ac.at\/en\/wp-json\/wp\/v2\/bundesland?post=173292"}],"curies":[{"name":"wp","href":"https:\/\/api.w.org\/{rel}","templated":true}]}}

Hochschulvertretung Universität für angewandte Kunst Wien

<!-- This site is optimized with the Yoast SEO plugin v25.9 - https://yoast.com/wordpress/plugins/seo/ -->
<title>Hochschulvertretung Universität für angewandte Kunst Wien - Österreichische Hochschüler_innenschaft (ÖH)</title>
<meta name="robots" content="index, follow, max-snippet:-1, max-image-preview:large, max-video-preview:-1" />
<link rel="canonical" href="https://www.oeh.ac.at/en/oh-map/universitaet-fuer-angewandte-kunst-wien/hochschulvertretung-universitaet-fuer-angewandte-kunst-wien/" />
<meta property="og:locale" content="en_US" />
<meta property="og:type" content="article" />
<meta property="og:title" content="Hochschulvertretung Universität für angewandte Kunst Wien - Österreichische Hochschüler_innenschaft (ÖH)" />
<meta property="og:url" content="https://www.oeh.ac.at/en/oh-map/universitaet-fuer-angewandte-kunst-wien/hochschulvertretung-universitaet-fuer-angewandte-kunst-wien/" />
<meta property="og:site_name" content="Österreichische Hochschüler_innenschaft (ÖH)" />
<meta property="article:publisher" content="https://facebook.com/bundesoeh" />
<script type="application/ld+json" class="yoast-schema-graph">{"@context":"https://schema.org","@graph":[{"@type":"WebPage","@id":"https://www.oeh.ac.at/en/oh-map/universitaet-fuer-angewandte-kunst-wien/hochschulvertretung-universitaet-fuer-angewandte-kunst-wien/","url":"https://www.oeh.ac.at/en/oh-map/universitaet-fuer-angewandte-kunst-wien/hochschulvertretung-universitaet-fuer-angewandte-kunst-wien/","name":"Hochschulvertretung Universität für angewandte Kunst Wien - Österreichische Hochschüler_innenschaft (ÖH)","isPartOf":{"@id":"https://www.oeh.ac.at/en/#website"},"datePublished":"2023-04-27T09:24:56+00:00","breadcrumb":{"@id":"https://www.oeh.ac.at/en/oh-map/universitaet-fuer-angewandte-kunst-wien/hochschulvertretung-universitaet-fuer-angewandte-kunst-wien/#breadcrumb"},"inLanguage":"en-US","potentialAction":[{"@type":"ReadAction","target":["https://www.oeh.ac.at/en/oh-map/universitaet-fuer-angewandte-kunst-wien/hochschulvertretung-universitaet-fuer-angewandte-kunst-wien/"]}]},{"@type":"BreadcrumbList","@id":"https://www.oeh.ac.at/en/oh-map/universitaet-fuer-angewandte-kunst-wien/hochschulvertretung-universitaet-fuer-angewandte-kunst-wien/#breadcrumb","itemListElement":[{"@type":"ListItem","position":1,"name":"Startseite","item":"https://www.oeh.ac.at/en/"},{"@type":"ListItem","position":2,"name":"Universität für angewandte Kunst Wien","item":"https://www.oeh.ac.at/en/oh-map/universitaet-fuer-angewandte-kunst-wien/"},{"@type":"ListItem","position":3,"name":"Hochschulvertretung Universität für angewandte Kunst Wien"}]},{"@type":"WebSite","@id":"https://www.oeh.ac.at/en/#website","url":"https://www.oeh.ac.at/en/","name":"Österreichische Hochschüler_innenschaft","description":"","publisher":{"@id":"https://www.oeh.ac.at/en/#organization"},"alternateName":"ÖH","potentialAction":[{"@type":"SearchAction","target":{"@type":"EntryPoint","urlTemplate":"https://www.oeh.ac.at/en/?s={search_term_string}"},"query-input":{"@type":"PropertyValueSpecification","valueRequired":true,"valueName":"search_term_string"}}],"inLanguage":"en-US"},{"@type":"Organization","@id":"https://www.oeh.ac.at/en/#organization","name":"Österreichische Hochschüler_innenschaft","alternateName":"ÖH","url":"https://www.oeh.ac.at/en/","logo":{"@type":"ImageObject","inLanguage":"en-US","@id":"https://www.oeh.ac.at/en/#/schema/logo/image/","url":"https://www.oeh.ac.at/wp-content/uploads/2023/03/OeH_Logo_white_RGB.png","contentUrl":"https://www.oeh.ac.at/wp-content/uploads/2023/03/OeH_Logo_white_RGB.png","width":1600,"height":1330,"caption":"Österreichische Hochschüler_innenschaft"},"image":{"@id":"https://www.oeh.ac.at/en/#/schema/logo/image/"},"sameAs":["https://facebook.com/bundesoeh","https://instagram.com/bundesoeh","https://youtube.com/bundesoeh","https://bsky.app/profile/bundesoeh.bsky.social"]}]}</script>
<!-- / Yoast SEO plugin. -->

Hochschulvertretung Universität für angewandte Kunst Wien - Österreichische Hochschüler_innenschaft (ÖH)

Österreichische Hochschüler_innenschaft (ÖH)

Universität für angewandte Kunst Wien

Österreichische Hochschüler_innenschaft

ÖH
