{"id":105551,"date":"2023-03-14T07:55:02","date_gmt":"2023-03-14T05:55:02","guid":{"rendered":"https:\/\/www.oeh.ac.at\/veranstaltung\/studienfahrt-ins-ehem-kz-auschwitz\/"},"modified":"2023-07-26T20:13:39","modified_gmt":"2023-07-26T18:13:39","slug":"studienfahrt-ins-ehem-kz-auschwitz","status":"publish","type":"event_listing","link":"https:\/\/www.oeh.ac.at\/en\/event\/studienfahrt-ins-ehem-kz-auschwitz\/","title":{"rendered":"Study trip to the former Auschwitz concentration camp"},"content":{"rendered":"\n<p>With the study trip to the former concentration camp Auschwitz, the \u00d6H Bundesvertretung wants to offer about 20 participating students an opportunity to deal with the Holocaust and to further their education in the field of remembrance work\/politics.<\/p>\n\n<p>We want to network interested participants from all over Austria and offer intensive support through pre- and post-processing meetings. Together we want to set a clear sign against racism, antiziganism, anti-Semitism and against forgetting.<\/p>\n\n<h2 class=\"wp-block-heading\">PLACE AND DESTINATION<\/h2>\n\n<p>The three-day study tour to the former extermination camp of Auschwitz (Poland), includes a visit to the former camp grounds of Auschwitz and Birkenau, as well as the memorial site and museum. There will also be a contemporary witness talk, possibly smaller workshops.<\/p>\n\n<p>The program is also based on the interests of the students, at the preparatory evening at the end of June the program will be presented in detail and expectations and wishes can be discussed there.<\/p>\n\n<p>The study tour also aims to make Austrian participation in the crimes of Auschwitz a topic of discussion and to draw attention to Austria&#8217;s historical responsibility.<br\/>Schedule &#8211; the preliminary program?<\/p>\n\n<ul class=\"wp-block-list\">\n<li>Registration deadline: June 14, 2015<\/li>\n\n\n\n<li>Preparation meeting: June 24<\/li>\n<\/ul>\n\n<p>Study tour from June 29 to July 1.<\/p>\n\n<ol class=\"wp-block-list\">\n<li>Day Arrival and introduction\/tour of Oswiecim<\/li>\n<\/ol>\n\n<p>2nd day morning Auschwitz, afternoon witness and workshops<\/p>\n\n<p>3 day morning Birkenau. Afternoon conclusion and return<\/p>\n\n<p>Follow up meeting in September<\/p>\n\n<h2 class=\"wp-block-heading\">YOU WANT A RIDE?<\/h2>\n\n<p>There are 20 places available for which all students from public universities (universities, universities of applied sciences, colleges of education, universities of art and music), as well as from private universities may apply.<br\/>Cost?<\/p>\n\n<p>The majority of the costs are covered by the \u00d6H Bundesvertretung. There remains for the participants a self _ inside contribution of 50 euros. This includes the train ride, accommodation, meals, entrance fees and supervision.<\/p>\n\n<p>If you are in a financially difficult situation and cannot afford this self-support _ ing contribution, please contact us directly and we will look for a way to still allow you to participate!<\/p>\n\n<h2 class=\"wp-block-heading\">ACCESSIBILITY<\/h2>\n\n<p>Although accessibility is a concern for us, by design the study tour is difficult to access for people with certain impairments. Unfortunately, some of the places visited are not barrier-free. If you are concerned that you will not be able to ride due to limitations, please contact our Accessibility Officer,. She will try to find solutions within her possibilities to make the trip barrier-free(er).  <a href=\"mailto:lea.laubenthal@oeh.ac.at\">Mail<\/a><\/p>\n\n<h2 class=\"wp-block-heading\">REGISTRATION !?<\/h2>\n\n<p>Registration is handled by the Department for Human Rights and Social Policy of the \u00d6H Bundesvertretung. We reserve the right to fill places on a parity basis and endeavor to achieve a balanced ratio of participants from different fields of study or types of university.<\/p>\n\n<p>Please send a letter with the subject Study Tour by 06\/14. to: <a href=\"mailto:mere@oeh.ac.at\">mere@oeh.ac.at<\/a><\/p>\n\n<p>In the letter, you can write your name, field of study, type of university, as well as something about your wishes, ideas and expectations for the study trip. In fact, this can make it easier for us to prepare and follow up, but it is an option and not a requirement.<\/p>\n\n<p>If you have any questions, just send an email to: <a href=\"mailto:mere@oeh.ac.at\">mere@oeh.ac.at<\/a><\/p>\n","protected":false},"featured_media":103686,"template":"","meta":[],"class_list":["post-105551","event_listing","type-event_listing","status-publish","has-post-thumbnail","hentry"],"yoast_head":"<!-- This site is optimized with the Yoast SEO plugin v25.9 - https:\/\/yoast.com\/wordpress\/plugins\/seo\/ -->\n<title>Study trip to the former Auschwitz concentration camp - \u00d6sterreichische Hochsch\u00fcler_innenschaft (\u00d6H)<\/title>\n<meta name=\"robots\" content=\"index, follow, max-snippet:-1, max-image-preview:large, max-video-preview:-1\" \/>\n<link rel=\"canonical\" href=\"https:\/\/www.oeh.ac.at\/en\/event\/studienfahrt-ins-ehem-kz-auschwitz\/\" \/>\n<meta property=\"og:locale\" content=\"en_US\" \/>\n<meta property=\"og:type\" content=\"article\" \/>\n<meta property=\"og:title\" content=\"Study trip to the former Auschwitz concentration camp - \u00d6sterreichische Hochsch\u00fcler_innenschaft (\u00d6H)\" \/>\n<meta property=\"og:description\" content=\"With the study trip to the former concentration camp Auschwitz, the \u00d6H Bundesvertretung wants to offer about 20 participating students an opportunity to deal...\" \/>\n<meta property=\"og:url\" content=\"https:\/\/www.oeh.ac.at\/en\/event\/studienfahrt-ins-ehem-kz-auschwitz\/\" \/>\n<meta property=\"og:site_name\" content=\"\u00d6sterreichische Hochsch\u00fcler_innenschaft (\u00d6H)\" \/>\n<meta property=\"article:publisher\" content=\"https:\/\/facebook.com\/bundesoeh\" \/>\n<meta property=\"article:modified_time\" content=\"2023-07-26T18:13:39+00:00\" \/>\n<meta property=\"og:image\" content=\"https:\/\/www.oeh.ac.at\/wp-content\/uploads\/2023\/03\/Logo-oeh.png\" \/>\n\t<meta property=\"og:image:width\" content=\"900\" \/>\n\t<meta property=\"og:image:height\" content=\"900\" \/>\n\t<meta property=\"og:image:type\" content=\"image\/png\" \/>\n<script type=\"application\/ld+json\" class=\"yoast-schema-graph\">{\"@context\":\"https:\/\/schema.org\",\"@graph\":[{\"@type\":\"WebPage\",\"@id\":\"https:\/\/www.oeh.ac.at\/en\/event\/studienfahrt-ins-ehem-kz-auschwitz\/\",\"url\":\"https:\/\/www.oeh.ac.at\/en\/event\/studienfahrt-ins-ehem-kz-auschwitz\/\",\"name\":\"Study trip to the former Auschwitz concentration camp - \u00d6sterreichische Hochsch\u00fcler_innenschaft (\u00d6H)\",\"isPartOf\":{\"@id\":\"https:\/\/www.oeh.ac.at\/en\/#website\"},\"primaryImageOfPage\":{\"@id\":\"https:\/\/www.oeh.ac.at\/en\/event\/studienfahrt-ins-ehem-kz-auschwitz\/#primaryimage\"},\"image\":{\"@id\":\"https:\/\/www.oeh.ac.at\/en\/event\/studienfahrt-ins-ehem-kz-auschwitz\/#primaryimage\"},\"thumbnailUrl\":\"https:\/\/www.oeh.ac.at\/wp-content\/uploads\/2023\/03\/Logo-oeh.png\",\"datePublished\":\"2023-03-14T05:55:02+00:00\",\"dateModified\":\"2023-07-26T18:13:39+00:00\",\"breadcrumb\":{\"@id\":\"https:\/\/www.oeh.ac.at\/en\/event\/studienfahrt-ins-ehem-kz-auschwitz\/#breadcrumb\"},\"inLanguage\":\"en-US\",\"potentialAction\":[{\"@type\":\"ReadAction\",\"target\":[\"https:\/\/www.oeh.ac.at\/en\/event\/studienfahrt-ins-ehem-kz-auschwitz\/\"]}]},{\"@type\":\"ImageObject\",\"inLanguage\":\"en-US\",\"@id\":\"https:\/\/www.oeh.ac.at\/en\/event\/studienfahrt-ins-ehem-kz-auschwitz\/#primaryimage\",\"url\":\"https:\/\/www.oeh.ac.at\/wp-content\/uploads\/2023\/03\/Logo-oeh.png\",\"contentUrl\":\"https:\/\/www.oeh.ac.at\/wp-content\/uploads\/2023\/03\/Logo-oeh.png\",\"width\":900,\"height\":900,\"caption\":\"Logo-\u00f6h\"},{\"@type\":\"BreadcrumbList\",\"@id\":\"https:\/\/www.oeh.ac.at\/en\/event\/studienfahrt-ins-ehem-kz-auschwitz\/#breadcrumb\",\"itemListElement\":[{\"@type\":\"ListItem\",\"position\":1,\"name\":\"Startseite\",\"item\":\"https:\/\/www.oeh.ac.at\/en\/\"},{\"@type\":\"ListItem\",\"position\":2,\"name\":\"Study trip to the former Auschwitz concentration camp\"}]},{\"@type\":\"WebSite\",\"@id\":\"https:\/\/www.oeh.ac.at\/en\/#website\",\"url\":\"https:\/\/www.oeh.ac.at\/en\/\",\"name\":\"\u00d6sterreichische Hochsch\u00fcler_innenschaft\",\"description\":\"\",\"publisher\":{\"@id\":\"https:\/\/www.oeh.ac.at\/en\/#organization\"},\"alternateName\":\"\u00d6H\",\"potentialAction\":[{\"@type\":\"SearchAction\",\"target\":{\"@type\":\"EntryPoint\",\"urlTemplate\":\"https:\/\/www.oeh.ac.at\/en\/?s={search_term_string}\"},\"query-input\":{\"@type\":\"PropertyValueSpecification\",\"valueRequired\":true,\"valueName\":\"search_term_string\"}}],\"inLanguage\":\"en-US\"},{\"@type\":\"Organization\",\"@id\":\"https:\/\/www.oeh.ac.at\/en\/#organization\",\"name\":\"\u00d6sterreichische Hochsch\u00fcler_innenschaft\",\"alternateName\":\"\u00d6H\",\"url\":\"https:\/\/www.oeh.ac.at\/en\/\",\"logo\":{\"@type\":\"ImageObject\",\"inLanguage\":\"en-US\",\"@id\":\"https:\/\/www.oeh.ac.at\/en\/#\/schema\/logo\/image\/\",\"url\":\"https:\/\/www.oeh.ac.at\/wp-content\/uploads\/2023\/03\/OeH_Logo_white_RGB.png\",\"contentUrl\":\"https:\/\/www.oeh.ac.at\/wp-content\/uploads\/2023\/03\/OeH_Logo_white_RGB.png\",\"width\":1600,\"height\":1330,\"caption\":\"\u00d6sterreichische Hochsch\u00fcler_innenschaft\"},\"image\":{\"@id\":\"https:\/\/www.oeh.ac.at\/en\/#\/schema\/logo\/image\/\"},\"sameAs\":[\"https:\/\/facebook.com\/bundesoeh\",\"https:\/\/instagram.com\/bundesoeh\",\"https:\/\/youtube.com\/bundesoeh\",\"https:\/\/bsky.app\/profile\/bundesoeh.bsky.social\"]}]}<\/script>\n<!-- \/ Yoast SEO plugin. -->","yoast_head_json":{"title":"Study trip to the former Auschwitz concentration camp - \u00d6sterreichische Hochsch\u00fcler_innenschaft (\u00d6H)","robots":{"index":"index","follow":"follow","max-snippet":"max-snippet:-1","max-image-preview":"max-image-preview:large","max-video-preview":"max-video-preview:-1"},"canonical":"https:\/\/www.oeh.ac.at\/en\/event\/studienfahrt-ins-ehem-kz-auschwitz\/","og_locale":"en_US","og_type":"article","og_title":"Study trip to the former Auschwitz concentration camp - \u00d6sterreichische Hochsch\u00fcler_innenschaft (\u00d6H)","og_description":"With the study trip to the former concentration camp Auschwitz, the \u00d6H Bundesvertretung wants to offer about 20 participating students an opportunity to deal...","og_url":"https:\/\/www.oeh.ac.at\/en\/event\/studienfahrt-ins-ehem-kz-auschwitz\/","og_site_name":"\u00d6sterreichische Hochsch\u00fcler_innenschaft (\u00d6H)","article_publisher":"https:\/\/facebook.com\/bundesoeh","article_modified_time":"2023-07-26T18:13:39+00:00","og_image":[{"width":900,"height":900,"url":"https:\/\/www.oeh.ac.at\/wp-content\/uploads\/2023\/03\/Logo-oeh.png","type":"image\/png"}],"schema":{"@context":"https:\/\/schema.org","@graph":[{"@type":"WebPage","@id":"https:\/\/www.oeh.ac.at\/en\/event\/studienfahrt-ins-ehem-kz-auschwitz\/","url":"https:\/\/www.oeh.ac.at\/en\/event\/studienfahrt-ins-ehem-kz-auschwitz\/","name":"Study trip to the former Auschwitz concentration camp - \u00d6sterreichische Hochsch\u00fcler_innenschaft (\u00d6H)","isPartOf":{"@id":"https:\/\/www.oeh.ac.at\/en\/#website"},"primaryImageOfPage":{"@id":"https:\/\/www.oeh.ac.at\/en\/event\/studienfahrt-ins-ehem-kz-auschwitz\/#primaryimage"},"image":{"@id":"https:\/\/www.oeh.ac.at\/en\/event\/studienfahrt-ins-ehem-kz-auschwitz\/#primaryimage"},"thumbnailUrl":"https:\/\/www.oeh.ac.at\/wp-content\/uploads\/2023\/03\/Logo-oeh.png","datePublished":"2023-03-14T05:55:02+00:00","dateModified":"2023-07-26T18:13:39+00:00","breadcrumb":{"@id":"https:\/\/www.oeh.ac.at\/en\/event\/studienfahrt-ins-ehem-kz-auschwitz\/#breadcrumb"},"inLanguage":"en-US","potentialAction":[{"@type":"ReadAction","target":["https:\/\/www.oeh.ac.at\/en\/event\/studienfahrt-ins-ehem-kz-auschwitz\/"]}]},{"@type":"ImageObject","inLanguage":"en-US","@id":"https:\/\/www.oeh.ac.at\/en\/event\/studienfahrt-ins-ehem-kz-auschwitz\/#primaryimage","url":"https:\/\/www.oeh.ac.at\/wp-content\/uploads\/2023\/03\/Logo-oeh.png","contentUrl":"https:\/\/www.oeh.ac.at\/wp-content\/uploads\/2023\/03\/Logo-oeh.png","width":900,"height":900,"caption":"Logo-\u00f6h"},{"@type":"BreadcrumbList","@id":"https:\/\/www.oeh.ac.at\/en\/event\/studienfahrt-ins-ehem-kz-auschwitz\/#breadcrumb","itemListElement":[{"@type":"ListItem","position":1,"name":"Startseite","item":"https:\/\/www.oeh.ac.at\/en\/"},{"@type":"ListItem","position":2,"name":"Study trip to the former Auschwitz concentration camp"}]},{"@type":"WebSite","@id":"https:\/\/www.oeh.ac.at\/en\/#website","url":"https:\/\/www.oeh.ac.at\/en\/","name":"\u00d6sterreichische Hochsch\u00fcler_innenschaft","description":"","publisher":{"@id":"https:\/\/www.oeh.ac.at\/en\/#organization"},"alternateName":"\u00d6H","potentialAction":[{"@type":"SearchAction","target":{"@type":"EntryPoint","urlTemplate":"https:\/\/www.oeh.ac.at\/en\/?s={search_term_string}"},"query-input":{"@type":"PropertyValueSpecification","valueRequired":true,"valueName":"search_term_string"}}],"inLanguage":"en-US"},{"@type":"Organization","@id":"https:\/\/www.oeh.ac.at\/en\/#organization","name":"\u00d6sterreichische Hochsch\u00fcler_innenschaft","alternateName":"\u00d6H","url":"https:\/\/www.oeh.ac.at\/en\/","logo":{"@type":"ImageObject","inLanguage":"en-US","@id":"https:\/\/www.oeh.ac.at\/en\/#\/schema\/logo\/image\/","url":"https:\/\/www.oeh.ac.at\/wp-content\/uploads\/2023\/03\/OeH_Logo_white_RGB.png","contentUrl":"https:\/\/www.oeh.ac.at\/wp-content\/uploads\/2023\/03\/OeH_Logo_white_RGB.png","width":1600,"height":1330,"caption":"\u00d6sterreichische Hochsch\u00fcler_innenschaft"},"image":{"@id":"https:\/\/www.oeh.ac.at\/en\/#\/schema\/logo\/image\/"},"sameAs":["https:\/\/facebook.com\/bundesoeh","https:\/\/instagram.com\/bundesoeh","https:\/\/youtube.com\/bundesoeh","https:\/\/bsky.app\/profile\/bundesoeh.bsky.social"]}]}},"_links":{"self":[{"href":"https:\/\/www.oeh.ac.at\/en\/wp-json\/wp\/v2\/event_listing\/105551","targetHints":{"allow":["GET"]}}],"collection":[{"href":"https:\/\/www.oeh.ac.at\/en\/wp-json\/wp\/v2\/event_listing"}],"about":[{"href":"https:\/\/www.oeh.ac.at\/en\/wp-json\/wp\/v2\/types\/event_listing"}],"version-history":[{"count":0,"href":"https:\/\/www.oeh.ac.at\/en\/wp-json\/wp\/v2\/event_listing\/105551\/revisions"}],"wp:featuredmedia":[{"embeddable":true,"href":"https:\/\/www.oeh.ac.at\/en\/wp-json\/wp\/v2\/media\/103686"}],"wp:attachment":[{"href":"https:\/\/www.oeh.ac.at\/en\/wp-json\/wp\/v2\/media?parent=105551"}],"curies":[{"name":"wp","href":"https:\/\/api.w.org\/{rel}","templated":true}]}}

<p>With the study trip to the former concentration camp Auschwitz, the ÖH Bundesvertretung wants to offer about 20 participating students an opportunity to deal with the Holocaust and to further their education in the field of remembrance work/politics.</p>

<p>We want to network interested participants from all over Austria and offer intensive support through pre- and post-processing meetings. Together we want to set a clear sign against racism, antiziganism, anti-Semitism and against forgetting.</p>

<h2 class="wp-block-heading">PLACE AND DESTINATION</h2>

<p>The three-day study tour to the former extermination camp of Auschwitz (Poland), includes a visit to the former camp grounds of Auschwitz and Birkenau, as well as the memorial site and museum. There will also be a contemporary witness talk, possibly smaller workshops.</p>

<p>The program is also based on the interests of the students, at the preparatory evening at the end of June the program will be presented in detail and expectations and wishes can be discussed there.</p>

<p>The study tour also aims to make Austrian participation in the crimes of Auschwitz a topic of discussion and to draw attention to Austria&#8217;s historical responsibility.<br/>Schedule &#8211; the preliminary program?</p>

<ul class="wp-block-list">
<li>Registration deadline: June 14, 2015</li>



<li>Preparation meeting: June 24</li>
</ul>

<p>Study tour from June 29 to July 1.</p>

<ol class="wp-block-list">
<li>Day Arrival and introduction/tour of Oswiecim</li>
</ol>

<p>2nd day morning Auschwitz, afternoon witness and workshops</p>

<p>3 day morning Birkenau. Afternoon conclusion and return</p>

<p>Follow up meeting in September</p>

<h2 class="wp-block-heading">YOU WANT A RIDE?</h2>

<p>There are 20 places available for which all students from public universities (universities, universities of applied sciences, colleges of education, universities of art and music), as well as from private universities may apply.<br/>Cost?</p>

<p>The majority of the costs are covered by the ÖH Bundesvertretung. There remains for the participants a self _ inside contribution of 50 euros. This includes the train ride, accommodation, meals, entrance fees and supervision.</p>

<p>If you are in a financially difficult situation and cannot afford this self-support _ ing contribution, please contact us directly and we will look for a way to still allow you to participate!</p>

<h2 class="wp-block-heading">ACCESSIBILITY</h2>

<p>Although accessibility is a concern for us, by design the study tour is difficult to access for people with certain impairments. Unfortunately, some of the places visited are not barrier-free. If you are concerned that you will not be able to ride due to limitations, please contact our Accessibility Officer,. She will try to find solutions within her possibilities to make the trip barrier-free(er).  <a href="mailto:lea.laubenthal@oeh.ac.at">Mail</a></p>

<h2 class="wp-block-heading">REGISTRATION !?</h2>

<p>Registration is handled by the Department for Human Rights and Social Policy of the ÖH Bundesvertretung. We reserve the right to fill places on a parity basis and endeavor to achieve a balanced ratio of participants from different fields of study or types of university.</p>

<p>Please send a letter with the subject Study Tour by 06/14. to: <a href="mailto:mere@oeh.ac.at">mere@oeh.ac.at</a></p>

<p>In the letter, you can write your name, field of study, type of university, as well as something about your wishes, ideas and expectations for the study trip. In fact, this can make it easier for us to prepare and follow up, but it is an option and not a requirement.</p>

<p>If you have any questions, just send an email to: <a href="mailto:mere@oeh.ac.at">mere@oeh.ac.at</a></p>

<!-- This site is optimized with the Yoast SEO plugin v25.9 - https://yoast.com/wordpress/plugins/seo/ -->
<title>Study trip to the former Auschwitz concentration camp - Österreichische Hochschüler_innenschaft (ÖH)</title>
<meta name="robots" content="index, follow, max-snippet:-1, max-image-preview:large, max-video-preview:-1" />
<link rel="canonical" href="https://www.oeh.ac.at/en/event/studienfahrt-ins-ehem-kz-auschwitz/" />
<meta property="og:locale" content="en_US" />
<meta property="og:type" content="article" />
<meta property="og:title" content="Study trip to the former Auschwitz concentration camp - Österreichische Hochschüler_innenschaft (ÖH)" />
<meta property="og:description" content="With the study trip to the former concentration camp Auschwitz, the ÖH Bundesvertretung wants to offer about 20 participating students an opportunity to deal..." />
<meta property="og:url" content="https://www.oeh.ac.at/en/event/studienfahrt-ins-ehem-kz-auschwitz/" />
<meta property="og:site_name" content="Österreichische Hochschüler_innenschaft (ÖH)" />
<meta property="article:publisher" content="https://facebook.com/bundesoeh" />
<meta property="article:modified_time" content="2023-07-26T18:13:39+00:00" />
<meta property="og:image" content="https://www.oeh.ac.at/wp-content/uploads/2023/03/Logo-oeh.png" />
	<meta property="og:image:width" content="900" />
	<meta property="og:image:height" content="900" />
	<meta property="og:image:type" content="image/png" />
<script type="application/ld+json" class="yoast-schema-graph">{"@context":"https://schema.org","@graph":[{"@type":"WebPage","@id":"https://www.oeh.ac.at/en/event/studienfahrt-ins-ehem-kz-auschwitz/","url":"https://www.oeh.ac.at/en/event/studienfahrt-ins-ehem-kz-auschwitz/","name":"Study trip to the former Auschwitz concentration camp - Österreichische Hochschüler_innenschaft (ÖH)","isPartOf":{"@id":"https://www.oeh.ac.at/en/#website"},"primaryImageOfPage":{"@id":"https://www.oeh.ac.at/en/event/studienfahrt-ins-ehem-kz-auschwitz/#primaryimage"},"image":{"@id":"https://www.oeh.ac.at/en/event/studienfahrt-ins-ehem-kz-auschwitz/#primaryimage"},"thumbnailUrl":"https://www.oeh.ac.at/wp-content/uploads/2023/03/Logo-oeh.png","datePublished":"2023-03-14T05:55:02+00:00","dateModified":"2023-07-26T18:13:39+00:00","breadcrumb":{"@id":"https://www.oeh.ac.at/en/event/studienfahrt-ins-ehem-kz-auschwitz/#breadcrumb"},"inLanguage":"en-US","potentialAction":[{"@type":"ReadAction","target":["https://www.oeh.ac.at/en/event/studienfahrt-ins-ehem-kz-auschwitz/"]}]},{"@type":"ImageObject","inLanguage":"en-US","@id":"https://www.oeh.ac.at/en/event/studienfahrt-ins-ehem-kz-auschwitz/#primaryimage","url":"https://www.oeh.ac.at/wp-content/uploads/2023/03/Logo-oeh.png","contentUrl":"https://www.oeh.ac.at/wp-content/uploads/2023/03/Logo-oeh.png","width":900,"height":900,"caption":"Logo-öh"},{"@type":"BreadcrumbList","@id":"https://www.oeh.ac.at/en/event/studienfahrt-ins-ehem-kz-auschwitz/#breadcrumb","itemListElement":[{"@type":"ListItem","position":1,"name":"Startseite","item":"https://www.oeh.ac.at/en/"},{"@type":"ListItem","position":2,"name":"Study trip to the former Auschwitz concentration camp"}]},{"@type":"WebSite","@id":"https://www.oeh.ac.at/en/#website","url":"https://www.oeh.ac.at/en/","name":"Österreichische Hochschüler_innenschaft","description":"","publisher":{"@id":"https://www.oeh.ac.at/en/#organization"},"alternateName":"ÖH","potentialAction":[{"@type":"SearchAction","target":{"@type":"EntryPoint","urlTemplate":"https://www.oeh.ac.at/en/?s={search_term_string}"},"query-input":{"@type":"PropertyValueSpecification","valueRequired":true,"valueName":"search_term_string"}}],"inLanguage":"en-US"},{"@type":"Organization","@id":"https://www.oeh.ac.at/en/#organization","name":"Österreichische Hochschüler_innenschaft","alternateName":"ÖH","url":"https://www.oeh.ac.at/en/","logo":{"@type":"ImageObject","inLanguage":"en-US","@id":"https://www.oeh.ac.at/en/#/schema/logo/image/","url":"https://www.oeh.ac.at/wp-content/uploads/2023/03/OeH_Logo_white_RGB.png","contentUrl":"https://www.oeh.ac.at/wp-content/uploads/2023/03/OeH_Logo_white_RGB.png","width":1600,"height":1330,"caption":"Österreichische Hochschüler_innenschaft"},"image":{"@id":"https://www.oeh.ac.at/en/#/schema/logo/image/"},"sameAs":["https://facebook.com/bundesoeh","https://instagram.com/bundesoeh","https://youtube.com/bundesoeh","https://bsky.app/profile/bundesoeh.bsky.social"]}]}</script>
<!-- / Yoast SEO plugin. -->

Study trip to the former Auschwitz concentration camp - Österreichische Hochschüler_innenschaft (ÖH)

With the study trip to the former concentration camp Auschwitz, the ÖH Bundesvertretung wants to offer about 20 participating students an opportunity to deal...

Österreichische Hochschüler_innenschaft (ÖH)

Logo-öh

Österreichische Hochschüler_innenschaft

ÖH
